- 2*o - 1. Let a be p(-1). Suppose 7*i = a*i + 215. Calculate the remainder when i is divided by 22.
21
Let a = 8 - 5. Suppose z = -2*z + a. Calculate the remainder when 11 is divided by (z - (0 + 1)) + 4.
3
Suppose 0 = -5*g - 5*j + 250, -g - 6*j = -4*j - 47. Calculate the remainder when g is divided by 14.
11
Let t be ((-1)/(-3))/((-2)/(-42)). Let i(m) = -m + t*m + 0*m + 2. What is the remainder when i(3) is divided by 11?
9
Suppose 3 + 5 = 4*t. Suppose -t*s = l - 44 + 17, l - 13 = -s. Suppose 2*k = 43 + 39. Calculate the remainder when k is divided by s.
13
Let p = 39 + -5. Let o(x) = x**3 + 8*x**2 - 3*x - 5. Calculate the remainder when p is divided by o(-8).
15
Suppose 4*q - 4*a = -0*q + 72, 18 = q - 2*a. Let o = -6 + q. Calculate the remainder when o is divided by 5.
2
What is the remainder when (-70)/(1/(-2)*(0 - -2)) is divided by 18?
16
Let f(c) = -2*c + 0*c + 4 - 2*c - 1 + c**2. Calculate the remainder when f(6) is divided by 8.
7
What is the remainder when ((-148)/16)/((-3)/12) is divided by 10?
7
Let j = -5 + 44. Calculate the remainder when j is divided by 21.
18
Let p(l) = -l**2 - 11*l + 1. Let n be p(-11). Let a = n + 16. Calculate the remainder when 31 is divided by a.
14
Suppose -2*c - 2*z = -6*c - 22, 5*z = 5*c + 35. Calculate the remainder when (-1*1)/(1/c) is divided by 2*(0 + -2)/(-2).
0
Let k be 12*(21/6 - 2). Suppose 4*d + 2*m = 32, 2*m - 7 = -3*d + 15. What is the remainder when (-12)/k + 238/6 is divided by d?
9
Let m = -4 - -6. Let p(k) = 2*k + 1. Let w = -10 + 19. What is the remainder when w is divided by p(m)?
4
Suppose 4*v - 101 = -13. What is the remainder when 63 is divided by v?
19
Let s(a) = a**3 - 19*a**2 - 19*a + 22. What is the remainder when s(20) is divided by 12?
6
Suppose -3*j - 27 = -3*o, 4*j + 25 = -0*o + 3*o. Suppose -y + 28 = o. What is the remainder when 32 is divided by y?
15
Let c(y) = 5*y - 7*y**2 + 5*y**2 + y**2 + 1 - 3. Let z be c(4). Suppose 2*a - 43 = z*t + 17, -110 = -3*a - 2*t. What is the remainder when a is divided by 12?
10
Suppose -3*w = -0*w + 3, -5*m + 5*w + 505 = 0. What is the remainder when m is divided by 31?
7
Let p(z) = 8*z - 8. Let c be p(7). Let m = -24 + c. Calculate the remainder when m is divided by 13.
11
Calculate the remainder when 34*(-4)/((-24)/9) is divided by 15.
6
Suppose 3*c = 6*c - 15. Suppose 4*v = -b + 229, 0 = 4*v - c*v + b + 61. What is the remainder when v is divided by 30?
28
Let h be (-3)/9 - (-22)/3. Let u(z) = z**3 - 8*z**2 + 9*z - 6. Calculate the remainder when 19 is divided by u(h).
3
Let b(t) = -t**2 + 27*t. Calculate the remainder when b(12) is divided by 14.
12
Let s = 25 + 10. Let p(c) be the second derivative of -c**4/12 - c**3 + 7*c**2/2 + 2*c. Calculate the remainder when s is divided by p(-5).
11
Let m(a) = 19*a**2 + 3*a + 2. What is the remainder when m(-1) is divided by 10?
8
Let f be 6/(-27) + 40/18. Suppose 66 = f*p + 8. Calculate the remainder when 85 is divided by p.
27
Suppose 1 = -4*q + 13. Suppose q*p = 49 + 17. Suppose -t = -5*t + 4*g + 52, -t + 3*g + 23 = 0. Calculate the remainder when p is divided by t.
6
Let s(j) = 2 + 3*j + 3*j - 2 + 3 - j**2. Let d be s(4). Let c = d - 9. What is the remainder when c is divided by 1?
0
Let o = 8 + -13. What is the remainder when (6/(-4))/(o/10) is divided by 2?
1
Suppose 2*x - 9 + 3 = 0. Let t(f) = 3*f + 10 - 14 + 8 + f**2. Calculate the remainder when t(x) is divided by 12.
10
Suppose 33 = 5*p - 2*u + 5*u, 9 = p + 3*u. What is the remainder when 16 is divided by p?
4
Let d = -5 + 13. Suppose c = d + 11. What is the remainder when c is divided by 7?
5
Let l = 1 + 19. What is the remainder when 98 is divided by l?
18
Suppose i + 9264 = -4*z + 5*i, -5*z + i - 11596 = 0. What is the remainder when z/(-55) + (-2)/11 is divided by 15?
12
Suppose -327 - 191 = -14*s. Calculate the remainder when 109 is divided by s.
35
Suppose 0 = 17*u - 12*u - 45. What is the remainder when 21 is divided by u?
3
Let b = 105 + -68. Suppose -2*c - 3 + b = 0. Calculate the remainder when c is divided by 5.
2
Let o = -7 + 7. Suppose 4*h + 5*i = -o*h + 32, -5*i = -h + 8. Calculate the remainder when 22 is divided by h.
6
Let i(h) = 17*h - 3. What is the remainder when i(6) is divided by 26?
21
What is the remainder when (-4)/(-1) + (2 - (-20 - 0)) is divided by 7?
5
Suppose 4*b = -2*n - 2*n + 60, 5*n - 43 = -3*b. Calculate the remainder when (-12)/b*2*-22 is divided by 12.
9
Let r = 11 + -6. Suppose k - 2*i - 5 = 0, k - r*i - 5 = -i. What is the remainder when 9 is divided by k?
4
Calculate the remainder when (-3 + 251 + -2)/(1 - -1) is divided by 25.
23
Let p(f) = -f**3 - 3*f**2 + f + 2. Let o be p(-3). Let x = o + 8. Let q = 0 + x. Calculate the remainder when 20 is divided by q.
6
Let r = -95 + 146. What is the remainder when r is divided by 13*(-2 - (-1 + -2))?
12
Let l(n) = n**3 - n**2 - 2*n - 2. Let i(p) = 4*p**2 + 3*p - 3. Let y be i(-3). Suppose 5*z - 66 = y. Calculate the remainder when z is divided by l(3).
8
Suppose 4*o = -2*f + 34 - 10, 10 = -5*o. What is the remainder when 31 is divided by f?
15
What is the remainder when 4/6 + (-1112)/(-6) is divided by 17?
16
Suppose -4*y = -9 - 15. What is the remainder when 10 is divided by y?
4
Suppose -3*g = 15, 3*b - 3*g + 1 = 5*b. Let c = b + 0. What is the remainder when c is divided by 3?
2
Let z = -49 + 73. Let j(u) = -2*u - 19. Let h be j(-13). Suppose -2*c + h = -135. What is the remainder when c is divided by z?
23
Calculate the remainder when (-77)/(-2) + 3/(-6) is divided by (-3 - -8)*(1 + 1).
8
Let n = 11 - -1. Suppose 5*r - 66 = 2*r - 4*s, 22 = r - 2*s. Calculate the remainder when r is divided by n.
10
Let t(u) = 148*u**3 - 2*u + 1. Let q be t(1). Suppose -g - q = -4*g. What is the remainder when g is divided by 17?
15
Let p be (-2 - -2)/(-3 - -2). Calculate the remainder when (5 - (p - -3)) + 2 is divided by 2.
0
Calculate the remainder when 71 is divided by (-2)/(-8) - (-99)/4.
21
Suppose 0*z + 5 = 5*g - 5*z, 3*g + 5*z = 43. Calculate the remainder when (-2)/(-2 + 48/27) is divided by g.
3
Let h = -68 + 44. Let q = h - -26. Calculate the remainder when 4 is divided by q.
0
Let k(b) = 2*b**2 - 9*b - 3. Calculate the remainder when 3 is divided by k(5).
1
Let h = -6 - -12. What is the remainder when h is divided by 4?
2
Suppose -d - 1 + 5 = 0. Suppose 5*i = -15, 3*f - i + 3*i = -6. Suppose 3*y + 3 - 12 = f. Calculate the remainder when d is divided by y.
1
Suppose z = -2*z + 225. Let n = -37 + z. What is the remainder when n is divided by 13?
12
Suppose -8 = -2*i + 14. Calculate the remainder when 41 is divided by i.
8
Suppose w + 155 = 6*w. Calculate the remainder when 58 is divided by w.
27
Let l(w) = -w**3 + 4*w**2 - 3*w - 3. Let f be l(3). What is the remainder when (12/(-9))/(1/f) is divided by 5 + (-4 - 3) + 3 - -2?
1
Suppose -d = 2*d - l - 58, 5*d - 2*l = 96. Calculate the remainder when d is divided by 13.
7
Suppose 4 = 2*d - 6. Suppose 5*y = 15 - d, 3*y - 27 = -b. Calculate the remainder when b is divided by 11.
10
Let l(v) = v**2 - 7*v - 1. Let i be l(6). Let t be (-6)/(-10) + i/(-5). What is the remainder when t + (-5 - -2) - -32 is divided by 11?
9
Let b(x) = x**3 + 4*x**2 - 5*x + 1. What is the remainder when b(-4) is divided by 28/(-8)*48/(-14)?
9
Let r(b) = b + 5. What is the remainder when 46 is divided by r(7)?
10
Suppose 2*h = -0*h. Let t(a) = 0 - 9 - 2*a + h*a. Calculate the remainder when 5 is divided by t(-6).
2
Suppose -3 = -6*v + 3*v. What is the remainder when 43 + -6*4/8 is divided by v/(-2) - 58/(-4)?
12
Suppose 0 = -0*j + j - 29. Let r(k) = -k**2 + 23*k - 76. Calculate the remainder when r(12) is divided by j.
27
Suppose 0 = a + 10 - 38. Suppose 4*t - 52 - a = 0. Let d(y) = y**2 - y - 4. Calculate the remainder when d(-6) is divided by t.
18
Let w(x) = x**3 - 7*x**2 + 2*x - 3. Let v be (-2)/6*(-20 - 1). Calculate the remainder when 21 is divided by w(v).
10
Let q(y) = y**3 - 6*y**2 + 4*y - 5. Suppose -6*k - 750 = -16*k. Calculate the remainder when k is divided by q(6).
18
Let h(w) = w + 11. Let y = -7 - -7. What is the remainder when h(0) is divided by (-3 - y)/((-8)/8)?
2
Suppose -5*z + 145 = -0*z. Let n = 41 - z. What is the remainder when 43/2 + 2/(-4) is divided by n?
9
Let r(q) = 10*q**2 - 4*q - 7. Calculate the remainde